{"id":3547,"date":"2020-09-08T06:55:41","date_gmt":"2020-09-08T06:55:41","guid":{"rendered":"http:\/\/www.obersdorf.at\/feuerwehr\/?page_id=3547"},"modified":"2020-10-30T07:04:46","modified_gmt":"2020-10-30T07:04:46","slug":"hlf1-w","status":"publish","type":"page","link":"http:\/\/www.obersdorf.at\/feuerwehr\/ueber-uns\/ausruestung\/hlf1-w\/","title":{"rendered":"HLF1-W"},"content":{"rendered":"<p>ngg_shortcode_0_placeholderDas HLF1-W, bzw Hilfeleistungsfahrzeug Stufe 1 mit Wasser, ist ein Universalfahrzeug in Klein. Die Ausr\u00fcstung auf dem Fahrzeug ist vielf\u00e4ltig. So gibt es zahlreiche Ger\u00e4tschaften f\u00fcr den Technischen Einsatz, sowie auch f\u00fcr den Brandeinsatz. Mithilfe des Stromaggregats und des 300 Liter Wassertank, ist es m\u00f6glich auch l\u00e4ngere Eins\u00e4tze zu bew\u00e4ltigen, eine Einsatzstelle auszuleuchten oder auch einen Kleinbrand erfolgreich zu bek\u00e4mpfen. Der gro\u00dfe Vorteil bei diesem Fahrzeug ist, dass es mit einem B-F\u00fchrerschein gelenkt werden kann.<\/p>\n<p><strong>Fahrzeug: <\/strong>Hilfeleistungsfahrzeug Stufe 1 mit Wasser<\/p>\n<p><strong>Typ: <\/strong>HLF1-W<\/p>\n<p><strong>Funkrufname: <\/strong>Tank 2 Obersdorf<\/p>\n<p><strong>Fahrzeugtype:&nbsp;<\/strong>Iveco Daily 50 C 17 4&#215;2 mit Normalkabine<\/p>\n<p><strong>Baujahr:&nbsp;<\/strong>2016<\/p>\n<p><strong>Daten:<\/strong> h\u00f6chstzul\u00e4ssiges Gesamtgewicht: 5500 kg, Hubraum: 2998 ccm\u00b3, Leistung: 125 kW (170 PS), L\u00e4nge: , H\u00f6he: , Breite<\/p>\n<p><strong>Feuerwehraufbau:&nbsp;<\/strong>Firma Lohr, Steiermark<\/p>\n<p><strong>Besatzung:&nbsp;<\/strong>1:5<\/p>\n<p><strong>Ausst<\/strong><strong>attung:<\/strong><\/p>\n<ul>\n<li>Drei 300 Bar Atemschutzger\u00e4te&nbsp;<\/li>\n<li>Drei Reserve-Atemschutzflaschen<\/li>\n<li>Modernes LED-Blaulicht inkl. Frontblitzer<\/li>\n<li>Moderne LED- Verkehrsleiteinrichtung mit 4 Modi, Umfeldbeleuchtung, Lichtmast<\/li>\n<li>Einbaupumpe Udor Gamma<\/li>\n<li>300 Liter Wassertank<\/li>\n<li>HD-Schnellangriffs-Einrichtung 30 Meter<\/li>\n<li>Aggregat<\/li>\n<\/ul>\n<p><strong>Ausr\u00fcstung:<\/strong><\/p>\n<ul>\n<li>Wasserf\u00fchrende Armaturen<\/li>\n<li>Tragkraftspritze<\/li>\n<li>Kleinl\u00f6schger\u00e4te<\/li>\n<li>pneumatisch ausfahrbarer Lichtmast<\/li>\n<li>Werkzeugwand mit Schanz-, R\u00e4um- und Handwerkzeug<\/li>\n<li>Schaufeltrage<\/li>\n<li>Schiebeleiter am Dach&nbsp;<\/li>\n<li>Motorkettens\u00e4ge<\/li>\n<li>Absperrausr\u00fcstung<\/li>\n<\/ul>\n<p>&nbsp;<\/p>\nngg_shortcode_1_placeholder\n","protected":false},"excerpt":{"rendered":"<p>Das HLF1-W, bzw Hilfeleistungsfahrzeug Stufe 1 mit Wasser, ist ein Universalfahrzeug in Klein. Die Ausr\u00fcstung auf dem Fahrzeug ist vielf\u00e4ltig. So gibt es zahlreiche Ger\u00e4tschaften f\u00fcr den Technischen Einsatz, sowie auch f\u00fcr den Brandeinsatz. Mithilfe des Stromaggregats und des 300 Liter Wassertank, ist es m\u00f6glich auch l\u00e4ngere Eins\u00e4tze zu bew\u00e4ltigen, eine Einsatzstelle auszuleuchten oder auch [&hellip;]<\/p>\n","protected":false},"author":2,"featured_media":0,"parent":16,"menu_order":2,"comment_status":"closed","ping_status":"closed","template":"","meta":{"ngg_post_thumbnail":0,"_mc_calendar":[],"footnotes":""},"class_list":["post-3547","page","type-page","status-publish","hentry"],"_links":{"self":[{"href":"http:\/\/www.obersdorf.at\/feuerwehr\/wp-json\/wp\/v2\/pages\/3547","targetHints":{"allow":["GET"]}}],"collection":[{"href":"http:\/\/www.obersdorf.at\/feuerwehr\/wp-json\/wp\/v2\/pages"}],"about":[{"href":"http:\/\/www.obersdorf.at\/feuerwehr\/wp-json\/wp\/v2\/types\/page"}],"author":[{"embeddable":true,"href":"http:\/\/www.obersdorf.at\/feuerwehr\/wp-json\/wp\/v2\/users\/2"}],"replies":[{"embeddable":true,"href":"http:\/\/www.obersdorf.at\/feuerwehr\/wp-json\/wp\/v2\/comments?post=3547"}],"version-history":[{"count":21,"href":"http:\/\/www.obersdorf.at\/feuerwehr\/wp-json\/wp\/v2\/pages\/3547\/revisions"}],"predecessor-version":[{"id":3811,"href":"http:\/\/www.obersdorf.at\/feuerwehr\/wp-json\/wp\/v2\/pages\/3547\/revisions\/3811"}],"up":[{"embeddable":true,"href":"http:\/\/www.obersdorf.at\/feuerwehr\/wp-json\/wp\/v2\/pages\/16"}],"wp:attachment":[{"href":"http:\/\/www.obersdorf.at\/feuerwehr\/wp-json\/wp\/v2\/media?parent=3547"}],"curies":[{"name":"wp","href":"https:\/\/api.w.org\/{rel}","templated":true}]}}